{"id":2327,"date":"2023-02-24T21:14:41","date_gmt":"2023-02-24T20:14:41","guid":{"rendered":"https:\/\/moulindesalles.fr\/?page_id=2327"},"modified":"2025-01-26T19:00:52","modified_gmt":"2025-01-26T18:00:52","slug":"un-don-pour-le-moulin-de-salles","status":"publish","type":"page","link":"https:\/\/moulindesalles.fr\/?page_id=2327","title":{"rendered":"Dons"},"content":{"rendered":"\t\t<div data-elementor-type=\"wp-page\" data-elementor-id=\"2327\" class=\"elementor elementor-2327\">\n\t\t\t\t\t\t<section class=\"elementor-section elementor-top-section elementor-element elementor-element-e237df6 elementor-section-boxed elementor-section-height-default elementor-section-height-default\" data-id=\"e237df6\" data-element_type=\"section\" data-e-type=\"section\">\n\t\t\t\t\t\t<div class=\"elementor-container elementor-column-gap-default\">\n\t\t\t\t\t<div class=\"elementor-column elementor-col-50 elementor-top-column elementor-element elementor-element-1dd8940\" data-id=\"1dd8940\" data-element_type=\"column\" data-e-type=\"column\">\n\t\t\t<div class=\"elementor-widget-wrap elementor-element-populated\">\n\t\t\t\t\t\t<div class=\"elementor-element elementor-element-fec7c58 elementor-widget elementor-widget-heading\" data-id=\"fec7c58\" data-element_type=\"widget\" data-e-type=\"widget\" data-widget_type=\"heading.default\">\n\t\t\t\t<div class=\"elementor-widget-container\">\n\t\t\t\t\t<h2 class=\"elementor-heading-title elementor-size-default\">Don direct<\/h2>\t\t\t\t<\/div>\n\t\t\t\t<\/div>\n\t\t\t\t\t<\/div>\n\t\t<\/div>\n\t\t\t\t<div class=\"elementor-column elementor-col-50 elementor-top-column elementor-element elementor-element-34f6502\" data-id=\"34f6502\" data-element_type=\"column\" data-e-type=\"column\">\n\t\t\t<div class=\"elementor-widget-wrap elementor-element-populated\">\n\t\t\t\t\t\t<div class=\"elementor-element elementor-element-bcd0608 elementor-widget elementor-widget-heading\" data-id=\"bcd0608\" data-element_type=\"widget\" data-e-type=\"widget\" data-widget_type=\"heading.default\">\n\t\t\t\t<div class=\"elementor-widget-container\">\n\t\t\t\t\t<h2 class=\"elementor-heading-title elementor-size-default\">Don indirect<\/h2>\t\t\t\t<\/div>\n\t\t\t\t<\/div>\n\t\t\t\t\t<\/div>\n\t\t<\/div>\n\t\t\t\t\t<\/div>\n\t\t<\/section>\n\t\t\t\t<section class=\"elementor-section elementor-top-section elementor-element elementor-element-968ea65 elementor-section-boxed elementor-section-height-default elementor-section-height-default\" data-id=\"968ea65\" data-element_type=\"section\" data-e-type=\"section\">\n\t\t\t\t\t\t<div class=\"elementor-container elementor-column-gap-default\">\n\t\t\t\t\t<div class=\"elementor-column elementor-col-50 elementor-top-column elementor-element elementor-element-9509b37\" data-id=\"9509b37\" data-element_type=\"column\" data-e-type=\"column\">\n\t\t\t<div class=\"elementor-widget-wrap elementor-element-populated\">\n\t\t\t\t\t\t<div class=\"elementor-element elementor-element-77de318 elementor-widget elementor-widget-text-editor\" data-id=\"77de318\" data-element_type=\"widget\" data-e-type=\"widget\" data-widget_type=\"text-editor.default\">\n\t\t\t\t<div class=\"elementor-widget-container\">\n\t\t\t\t\t\t\t\t\t<p>\u00a0<\/p>\n<p>\u00a0<\/p>\n<p>Pour nous aider \u00e0 r\u00e9nover le Moulin de Salles, vous pouvez faire un <strong>don directement \u00e0 l&rsquo;association<\/strong> Les Amis du Moulin de Salles qui porte le projet de r\u00e9novation.<\/p>\n<p>\u00a0<\/p>\n<p><strong>A savoir<\/strong>: Les dons faits directement \u00e0 l&rsquo;association ne sont pas d\u00e9ductibles des imp\u00f4ts et l&rsquo;association ne pourra pas vous d\u00e9livrer de re\u00e7u fiscal.<\/p>\n<p>\u00a0<\/p>\n<p style=\"text-align: center;\"><strong>Mais grand ou petit, votre don sera le bienvenu!\u00a0<\/strong><\/p>\n<p>\u00a0<\/p>\t\t\t\t\t\t\t\t<\/div>\n\t\t\t\t<\/div>\n\t\t\t\t<div class=\"elementor-element elementor-element-1ccaaa8 elementor-align-center elementor-widget elementor-widget-button\" data-id=\"1ccaaa8\" data-element_type=\"widget\" data-e-type=\"widget\" data-widget_type=\"button.default\">\n\t\t\t\t<div class=\"elementor-widget-container\">\n\t\t\t\t\t\t\t\t\t<div class=\"elementor-button-wrapper\">\n\t\t\t\t\t<a class=\"elementor-button elementor-button-link elementor-size-sm\" href=\"https:\/\/les-amis-du-moulin-de-salles-6372406fc9a25.assoconnect.com\/collect\/description\/295507-q-un-don-pour-le-moulin-de-salles\" target=\"_blank\">\n\t\t\t\t\t\t<span class=\"elementor-button-content-wrapper\">\n\t\t\t\t\t\t\t\t\t<span class=\"elementor-button-text\">Faire un don \u00e0 l'asso<\/span>\n\t\t\t\t\t<\/span>\n\t\t\t\t\t<\/a>\n\t\t\t\t<\/div>\n\t\t\t\t\t\t\t\t<\/div>\n\t\t\t\t<\/div>\n\t\t\t\t\t<\/div>\n\t\t<\/div>\n\t\t\t\t<div class=\"elementor-column elementor-col-50 elementor-top-column elementor-element elementor-element-7f32d2d\" data-id=\"7f32d2d\" data-element_type=\"column\" data-e-type=\"column\">\n\t\t\t<div class=\"elementor-widget-wrap elementor-element-populated\">\n\t\t\t\t\t\t<div class=\"elementor-element elementor-element-64bddb8 elementor-widget elementor-widget-text-editor\" data-id=\"64bddb8\" data-element_type=\"widget\" data-e-type=\"widget\" data-widget_type=\"text-editor.default\">\n\t\t\t\t<div class=\"elementor-widget-container\">\n\t\t\t\t\t\t\t\t\t<p>Le projet de r\u00e9novation a obtenu en 2022\u00a0 le label de la <strong>Fondation du Patrimoine; <\/strong>le label permet de lancer des collectes de fonds sur le site \u00a0de la Fondation.<\/p>\n<p>Les dons faits dans le cadre de la fondation du Patrimoine sont d\u00e9ductibles de<span style=\"font-size: 1rem;\">\u00a0l\u2019imp\u00f4t sur le revenu \u00e0 hauteur de 66% du don dans la limite de 20% du revenu imposable.<\/span><\/p>\n<p>Pour les soci\u00e9t\u00e9s, la r\u00e9duction d\u2019imp\u00f4t est de 60% du don dans la limite de 20 000\u20ac ou de 5% du chiffre d\u2019affaires HT.<\/p>\n<p>Actuellement, la collecte est close car la premi\u00e8re tranche de travaux est termin\u00e9e.<\/p>\n<p>Et nous remercions encore mille fois les donateurs qui nous ont aid\u00e9 depuis 3 ans.<\/p>\n<p>Une nouvelle collecte sera ouverte\u00a0 lorsque le dossier pour la deuxi\u00e8me tranche de travaux sera pr\u00eat.<\/p>\n<p>Nous vous avertirons d\u00e8s que possible!!<\/p>\n<p style=\"text-align: center;\"><strong>Merci \u00e0 tous de votre aide!<\/strong><\/p>\n<p>\u00a0<\/p>\t\t\t\t\t\t\t\t<\/div>\n\t\t\t\t<\/div>\n\t\t\t\t\t<\/div>\n\t\t<\/div>\n\t\t\t\t\t<\/div>\n\t\t<\/section>\n\t\t\t\t<section class=\"elementor-section elementor-top-section elementor-element elementor-element-76c49267 elementor-section-boxed elementor-section-height-default elementor-section-height-default\" data-id=\"76c49267\" data-element_type=\"section\" data-e-type=\"section\">\n\t\t\t\t\t\t<div class=\"elementor-container elementor-column-gap-default\">\n\t\t\t\t\t<div class=\"elementor-column elementor-col-100 elementor-top-column elementor-element elementor-element-5d4bebb0\" data-id=\"5d4bebb0\" data-element_type=\"column\" data-e-type=\"column\">\n\t\t\t<div class=\"elementor-widget-wrap elementor-element-populated\">\n\t\t\t\t\t\t<div class=\"elementor-element elementor-element-104b48ce elementor-widget elementor-widget-text-editor\" data-id=\"104b48ce\" data-element_type=\"widget\" data-e-type=\"widget\" data-widget_type=\"text-editor.default\">\n\t\t\t\t<div class=\"elementor-widget-container\">\n\t\t\t\t\t\t\t\t\t\t\t\t\t\t\t\t\t<\/div>\n\t\t\t\t<\/div>\n\t\t\t\t\t<\/div>\n\t\t<\/div>\n\t\t\t\t\t<\/div>\n\t\t<\/section>\n\t\t\t\t<\/div>\n\t\t","protected":false},"excerpt":{"rendered":"<p>Don direct Don indirect \u00a0 \u00a0 Pour nous aider \u00e0 r\u00e9nover le Moulin de Salles, vous pouvez faire un don&hellip;<\/p>\n","protected":false},"author":1,"featured_media":2317,"parent":0,"menu_order":0,"comment_status":"closed","ping_status":"closed","template":"","meta":{"footnotes":""},"class_list":["post-2327","page","type-page","status-publish","has-post-thumbnail","hentry"],"_links":{"self":[{"href":"https:\/\/moulindesalles.fr\/index.php?rest_route=\/wp\/v2\/pages\/2327","targetHints":{"allow":["GET"]}}],"collection":[{"href":"https:\/\/moulindesalles.fr\/index.php?rest_route=\/wp\/v2\/pages"}],"about":[{"href":"https:\/\/moulindesalles.fr\/index.php?rest_route=\/wp\/v2\/types\/page"}],"author":[{"embeddable":true,"href":"https:\/\/moulindesalles.fr\/index.php?rest_route=\/wp\/v2\/users\/1"}],"replies":[{"embeddable":true,"href":"https:\/\/moulindesalles.fr\/index.php?rest_route=%2Fwp%2Fv2%2Fcomments&post=2327"}],"version-history":[{"count":2,"href":"https:\/\/moulindesalles.fr\/index.php?rest_route=\/wp\/v2\/pages\/2327\/revisions"}],"predecessor-version":[{"id":3570,"href":"https:\/\/moulindesalles.fr\/index.php?rest_route=\/wp\/v2\/pages\/2327\/revisions\/3570"}],"wp:featuredmedia":[{"embeddable":true,"href":"https:\/\/moulindesalles.fr\/index.php?rest_route=\/wp\/v2\/media\/2317"}],"wp:attachment":[{"href":"https:\/\/moulindesalles.fr\/index.php?rest_route=%2Fwp%2Fv2%2Fmedia&parent=2327"}],"curies":[{"name":"wp","href":"https:\/\/api.w.org\/{rel}","templated":true}]}}